+ 18. Suppose 2*n + 10*b = 5*b - 14, -16 = 5*n + 3*b. Give k(n).
8
Let f(w) = -w - 13. Let h(s) = s**3 + 5*s**2 - 2*s + 14. Let y be h(-6). Calculate f(y).
-3
Let n(c) be the second derivative of -c**3/6 + 2*c**2 + c. Suppose 0 = w - 2. Let l = w - 6. Determine n(l).
8
Let t = 75 + -73. Let y(w) = -w. Calculate y(t).
-2
Let c(k) = -3*k**3 - 4*k**2 + 6*k + 1. Let m = 3 - 1. Let l(a) = -4*a**3 - 4*a**2 + 7*a + 2. Let h(q) = m*l(q) - 3*c(q). Give h(-5).
-4
Let m(f) = -f**3 + 7*f**2 - 8*f + 6. Suppose -6*w + 24 = -2*w. Give m(w).
-6
Let z(k) = k**3 - k - 2. Let m(d) = 2*d**3 + d**2 - 2*d - 2. Let a(g) = -2*m(g) + 3*z(g). Determine a(-2).
-4
Let q(i) = i - 2. Let t be q(6). Let d be (2 - t)*(-11)/2. Suppose 3*y + s = -4*s + d, -3*s + 12 = 0. Let h(w) = -w**2 - 4*w + 4. Give h(y).
7
Let c(n) = n + 15. Let f be -5 + 2 + 0 - -3. What is c(f)?
15
Let f(b) = -7*b**3. Let l = 3 + 5. Let v be (2/(-6))/((-4)/60). Suppose -v = -l*j + 3*j. What is f(j)?
-7
Let g(w) = -7*w + 15. Let x(j) = -20*j + 45. Let k(u) = 17*g(u) - 6*x(u). What is k(7)?
-8
Suppose -4*k - 11 = -5*a, 2*a + 10 + 0 = -2*k. Let w(x) = x + 1. Let v = 4 - 5. Let u(d) = -3*d**2 - 4*d - 3. Let b(r) = k*w(r) + v*u(r). Determine b(-1).
2
Let o(x) = x - 5. Let a = 12 - 11. Let g be 3 + a + 0/5. Calculate o(g).
-1
Let g(l) = -3*l**2 - 2*l + 1. Let c be 3/(-15) - 6/(-5). What is g(c)?
-4
Suppose -5*f - 28 = -3. Let t(w) = 3*w + 7. Calculate t(f).
-8
Let d(h) = -1. Let z(m) = 3*m + 18. Let v(s) = -12*d(s) - z(s). Let x = -26 - -22. Determine v(x).
6
Suppose 0 = -5*d + 3*z - 15, -3*z = -4*d + 2 - 14. Let j(w) = -w**2 + 6*w + 5. Let g be j(6). Let o = d + g. Let a(s) = s**2 - s + 2. What is a(o)?
4
Let w(y) = 4*y**2 + y + 1. Let j be w(-1). Let t = j + -5. Let r(l) = 2*l**2 + l**2 - l - l**3 - 5*l**2. Give r(t).
0
Let o be 38/9 + 2/(-9). Suppose 2*r + 13 = -x + r, -r + 62 = -o*x. Let f be x/4 + (-5)/20. Let q(s) = -s. Give q(f).
4
Let h = -47 - -54. Let n(q) = q + 4. What is n(h)?
11
Let z(i) be the third derivative of -7*i**4/24 + i**3/2 + 6*i**2. Calculate z(2).
-11
Let s be -1 + (-4 - -3) - 5. Let w(n) = -n**2 - 8*n - 5. Give w(s).
2
Suppose -6*d + 1 = -5*d. Let s = -7 - -9. Let z(r) = -s*r**2 - d + 4*r - 4*r. What is z(-1)?
-3
Let a(h) be the third derivative of h**6/120 + h**5/12 - h**4/24 - 7*h**3/6 + h**2. Calculate a(-5).
-2
Let z(s) = -s + 2. Let t(n) = n**3 + 4*n**2 + 4*n + 3. Suppose -x + 3 = -1, -x + 10 = -3*q. Let j be t(q). Suppose j*g + 6 = -9. Determine z(g).
7
Suppose 4*y - 82 - 2 = 0. Let w = -17 + y. Let c(i) = -i**3 - 5*i + 0*i + 6 + 5*i**2 + 0*i. Determine c(w).
2
Let q(a) = -a**2 - 8*a - 8. Let r be q(-6). Suppose 0 = -f - 2*y + 6, -7*f + 6 = -2*f - 2*y. Let k(o) = 0*o**f + 1 - o**3 + 3*o**2 + 3*o + 1. Give k(r).
-2
Let d(f) = 3*f + 5. Let g(u) = -2*u - 1 + 9 - 7. Suppose 5*s - 20 + 5 = 0. Let y be g(s). What is d(y)?
-10
Let d(v) = -v - 2. Let n(m) = -2*m - 7. Let z(b) = 3*d(b) - n(b). Give z(5).
-4
Let o(z) = 5 - 3 - z + 4*z**2 - 4. Give o(2).
12
Let s(l) = l + 1. Let y be 34/6 - (-4)/(-6). Let g(r) = 9*r + 10. Let u(f) = y*s(f) - g(f). What is u(-4)?
11
Let g(o) = 15*o**3 - o**2. Suppose 5*h + 3 = 2*h. Calculate g(h).
-16
Let d(h) = -h**2 + 2*h - 1. Let l be d(2). Let p(o) = 5 - 5*o - 7 + 3. Calculate p(l).
6
Let v be (2 + 1)*(-55)/33. Let x(s) = s**2 + 3*s - 5. Determine x(v).
5
Let r(m) = -m - 6. Let u(h) = 1. Let g(l) = r(l) + 4*u(l). Let c(b) be the third derivative of -b**4/24 - 7*b**3/6 - 7*b**2. Let j be c(-5). What is g(j)?
0
Suppose 3*n + 1 = 19. Let r(q) = 0*q**2 - q + 3*q - q**2 - 4 + 6*q. Calculate r(n).
8
Let t(d) = d**2 - 8. Let q(k) = -k**2 + 7. Suppose 2*y + 14 = -5*v + 4, 0 = 2*v. Let b(x) = y*q(x) - 4*t(x). Give b(0).
-3
Suppose 0 = -32*a + 33*a + 3. Let c(h) = h**3 + 4*h**2 - 2*h - 4. Give c(a).
11
Let j = 3 + -5. Let c(a) be the third derivative of -1/30*a**5 + 0 - 1/3*a**3 + 4*a**2 - 1/12*a**4 + 0*a. Give c(j).
-6
Let u(p) = 2*p**2 + 3*p + 2. Let a be u(-2). Suppose a*g - 11 = -d, -d + 15 = 5*g + 2. Let b(i) = 2*i**3 + 10*i**2 - i**3 - 3 - 7*i**g - 4*i. Give b(-4).
-3
Let w(t) = t**3 + t**2 + 3. Let v be w(0). Let u(m) = 22*m - 55*m + 4 + 32*m. Determine u(v).
1
Let c be (-3)/(-6) - 15/(-10). Suppose -3*m = 4*r - 12 - 11, -5*m + 25 = 0. Let o(g) = -2 + 2*g - 2*g**2 - g**2 - g**c + 3*g**r. Determine o(3).
-5
Let j(m) = m**3 - 7*m**2 + 9. Let u be j(7). Let k(n) = 3 + 12*n**2 - u*n**2 - 3*n - 4*n**2. Give k(-3).
3
Let h(o) = -14 - o**2 + 4*o + o + 13 - 3. Suppose -5*j + 0*j = -15. Suppose 3 = 2*y - j. Calculate h(y).
2
Let y(a) = 3*a - 7. Let k be (-2)/9 + 65/9. Determine y(k).
14
Let x(v) = 5*v - 2. Let t(n) = 11*n - 3. Let h(a) = 2*t(a) - 5*x(a). What is h(5)?
-11
Let t(c) = c**3 + 8*c**2 - 10*c - 7. Let s be t(-9). Let w(j) be the third derivative of 0*j + 1/12*j**4 + j**s + 0 - j**3. What is w(5)?
4
Let y(d) = -d**3 - 2*d**2 - 3*d. Let q be y(-2). Let f(g) = -g**2 + 9*g - 4. Let h be f(q). Let t(v) = -v + h - 14. Give t(6).
-6
Let u be (3/(-4))/(4/16). Let b be (3/u + 2)*-1. Let m(c) be the second derivative of c**5/10 + c**4/12 + c**3/6 + c**2/2 - c. Determine m(b).
-1
Let z(k) = -6*k + 1. Let h(a) = 12*a - 3. Let v(r) = 2*h(r) + 5*z(r). Let f = -2 - -4. Suppose 3 = f*y + 5. What is v(y)?
5
Let y(z) = -z**2 - z. Let a(h) = h + 11. Let o be a(5). Let n = 18 - o. What is y(n)?
-6
Let s(g) = -2*g - 7. Let y be s(-5). Let f(z) = -10*z**2 + 1 + 4*z + 4*z**2 + z**y - 3 + 7. Let t = 18 + -13. Determine f(t).
0
Let y(v) be the second derivative of 0 + v + 1/2*v**3 + 5/2*v**2. Let t(c) = -c**3 - 6*c**2 - 4*c + 1. Let b be t(-5). Calculate y(b).
-7
Let h(v) = v**3 + v + 1. Let d(n) = 7*n**3 - n**2 + 5*n. Let p(o) = -d(o) + 6*h(o). What is p(0)?
6
Let s(v) = -v - 5. Suppose 25 = -0*l - 5*l. Let q be s(l). Let w be (1 - q)/((-4)/20). Let i(r) = -r**3 - 4*r**2 + 3*r - 6. What is i(w)?
4
Let l(c) = -c + 5. Suppose 11 + 1 = 3*d. Calculate l(d).
1
Let i(t) be the third derivative of t**5/60 - t**4/12 + t**2. Let g(s) = -s**3 + 11*s**2 + 13*s - 9. Let l be g(12). Suppose -l*w + 0 + 6 = 0. Give i(w).
0
Suppose i = -3*y + 5, 0 = i - 6*y + 4*y. Let x(z) be the first derivative of 2*z - z**i + z**3 - 1 - 1/4*z**4. Give x(2).
2
Let r(c) be the second derivative of c**4/2 - c**3/6 - 2*c. Determine r(1).
5
Let b(y) be the first derivative of -2*y**2 - y + 18. Give b(-2).
7
Let n be (4/3)/((-2)/9). Let j(q) be the second derivative of -q**5/20 - 5*q**4/12 + 5*q**3/6 - q**2 - 7*q + 2. Determine j(n).
4
Let d(q) = -q + 10. Let p = 11 - 7. Suppose s + 2*l - 15 = 0, 6*s - 4*l = p*s - 10. Give d(s).
5
Let w = 10 + 13. Suppose 5*z - 2 = w. Let k(h) = -h**2 + 1. Let v(m) = 7*m**2 - 5*m - 12. Let o(g) = 6*k(g) + v(g). Give o(z).
-6
Suppose 5*c = -3*q + 3*c + 21, -q - c + 8 = 0. Let t(g) = -4*g**2 + 8*g - 22. Let l(k) = 3*k**2 - 5*k + 15. Let s(f) = q*t(f) + 7*l(f). Give s(-5).
-5
Suppose -2*p = p + 6. Let y(x) be the first derivative of -x**4/4 - x**3/3 + 2*x - 6. Determine y(p).
6
Let a(u) = -1. Let m(w) be the second derivative of w**3/2 + w**2 + 5*w. Let q(c) = -3*a(c) - m(c). Let o be ((-1)/2)/((-1)/6). What is q(o)?
-8
Let g(f) = -1 - 1 - f**3 + 4*f**2 - 2*f + 6*f. Determine g(5).
-7
Let d(i) = -6*i - 1. Let b(p) = -2*p. Let n be b(-5). Let g = n - 8. Let y be -2*(-1 + 3/g). Determine d(y).
5
Suppose g + 10 + 0 = -4*k, 3*k + 5 = -2*g. Let u(x) = -3 + 2*x - 4*x + 6*x**3 - 4*x**g - 5*x**3 + x. Calculate u(4).
-7
Suppose -8 = -4*x, -3*b = -6*b + 2*x - 1. Let w(u) = -2*u - 1. Determine w(b).
-3
Let s(t) = -3*t**2 - 3*t + 1. Let z(f) = -f. Let y(r) = -s(r) + 6*z(r). What is y(3)?
17
Let u(f) = 2*f - 3. Let y(d) = -d. Let o(r) = -u(r) + 2*y(r). Suppose 2*k + 11 = 1. Let b = 8 + k. What is o(b)?
-9
Let c be 0/(4/(2/1)). Suppose -2*z + c*a + 4 = a, -5*a = 5*z - 10. Let k be z*-1 + (-3 - -5). Let t(h) = -h + 8. Determine t(k).
8
Let l(z) = -z**3 + z**2. Let b(x) = 3*x**3 - 5*x**2 + 3*x + 1. Let n(v) = -b(v) - 4*l(v). What is n(-3)?
-10
Let v(d) be the third derivative of -d**4/24 + 5*d**3/6 - d**2. Suppose 5*b - 2 = 4*b. Suppose 2*k - 12 = 4*j + 8, b*k - 17 = 3*j. Determine v(k).
1
Let w(z) = z**3 + 2*z**2 + 2*z - 2. Let x = 15 - 17. Calculate w(x).
-6
Let x(s) = s**2 - 6*s - 7. Let l(b) = -b**2 + 7*b + 7. Let u(a) = 2*l(a) + 3*x(a). Give u(5).
-2
Suppose 14 = 5*c + 4. Let a(n) = -n**3